mainder when 12 is divided by r.
0
Let r(i) = i**2 + 4*i + 10. What is the remainder when 48 is divided by r(-4)?
8
Let i(u) = u**3 - 5*u**2 - 10*u. What is the remainder when 55 is divided by i(7)?
27
Suppose -2*i - 4 = s - 10, 3*s + 6 = 0. Calculate the remainder when 35 is divided by i.
3
Let l be (-2)/(-4) + (-3)/(-6). What is the remainder when 15/(-10) + 213/6 is divided by (l/2)/((-1)/(-24))?
10
Let t(a) = -a**3 + 7*a**2 - 5*a - 2. Let j be t(5). Let s(f) = -5*f - 4. Let w be s(-3). Let m = j - w. What is the remainder when m is divided by 7?
5
Suppose -2*v = -5*c - 0*c - 7, -2*v = 2*c - 28. Calculate the remainder when 20 is divided by v.
9
Let t(m) = m + 19. Let g be t(0). Suppose -w = 1, -g = -2*n - 0*w - 3*w. What is the remainder when 31 is divided by n?
9
Suppose 0 = -5*z - q + 36, -5*z + 3*q - 8*q + 40 = 0. Calculate the remainder when 27 is divided by z.
6
Let y(r) = r - 5. Let j be y(7). Suppose j*s + s - 9 = 0. What is the remainder when 6 is divided by s?
0
Let k = -34 - -44. Calculate the remainder when 25 is divided by k.
5
Let h(v) = 8*v - 10. Suppose -5*x + 5*s = -60, s = -3*x - 0*s + 36. What is the remainder when h(4) is divided by x?
10
Suppose -3*w = f - 6*f + 252, 206 = 4*f + 2*w. Calculate the remainder when f is divided by 11.
7
Suppose 3*t - 132 = -t. Let k = -11 + t. Let m = 27 - 15. What is the remainder when k is divided by m?
10
Suppose 10 = k + k. Calculate the remainder when 7 is divided by k.
2
Let i be (6/(-10))/((-2)/10). Suppose -h = 5*o - 4*h - 85, -o - 1 = i*h. Suppose 20 = l + 4*l. Calculate the remainder when o is divided by l.
2
Let i(k) = -k**3 - 19*k**2 - 2*k - 28. Suppose 0*f - 68 = -4*f. Calculate the remainder when f is divided by i(-19).
7
Let k(f) = -f + 9. Let b be k(5). What is the remainder when 34 is divided by (-1)/4 + 37/b?
7
Let w(o) = -3*o - 1. Let h be (-32)/18 - (-2)/(-9). Suppose 9 = i - 5*u - 10, -i = -3*u - 15. What is the remainder when i is divided by w(h)?
4
Suppose -259 = -4*t + i, -2*t - 3*i = -t - 68. Calculate the remainder when t is divided by 34.
31
Let g = -23 - -26. Calculate the remainder when 3 is divided by g.
0
Let x(m) = -m**3 + 4*m**2 + m - 4. Let y be x(4). Let a = y + 8. Calculate the remainder when a is divided by 3.
2
Let t = -32 + 49. Calculate the remainder when 46 is divided by t.
12
Let s = 2 - 0. Suppose r - 3*r = -s. Let f(u) = 4*u**3 - 2*u**2 + 2*u - 1. Calculate the remainder when 9 is divided by f(r).
0
Suppose 5*r = -0*r + 110. What is the remainder when r is divided by 13?
9
What is the remainder when 96 is divided by (3 - 8)*((-4)/2 + -3)?
21
Let w = 98 - 11. What is the remainder when w is divided by 11?
10
Let l(d) = 10*d**2 + 2*d - 1. Let z(i) = i**2 + 3*i - 12. Let x be z(-5). What is the remainder when l(x) is divided by 12?
11
Let w = 62 + -38. What is the remainder when w is divided by ((-2)/4)/(5*8/(-720))?
6
Let u = 10 + -14. Let q be (-18)/(-4) - (-2)/u. Suppose 0 = q*l - 5*p - 19, p = -l + 13 + 3. Calculate the remainder when 30 is divided by l.
8
Suppose -5*j = -0*j + 15. Calculate the remainder when (1 - 2)/(3/(-6)) is divided by (1/j)/((-1)/6).
0
Let x(h) = -5*h + 4. What is the remainder when x(-6) is divided by 19?
15
Suppose 0 = -2*k - 0*k - 2. What is the remainder when -33*(k + (-6)/(-9)) is divided by 7?
4
Calculate the remainder when (-370)/(-8) - (-12)/(-48) is divided by 16.
14
Let m = -26 + 61. What is the remainder when m is divided by 12?
11
Calculate the remainder when 52 is divided by 1 - (2 - 54)/4.
10
Let f = 3 - 30. Suppose -z + 171 = 2*z. Let l = z + f. What is the remainder when l is divided by 16?
14
What is the remainder when 17 is divided by (-5 + 7)/(4/6)?
2
Let n(s) = s**3 - 4*s**2 - 2*s + 3. Let h be n(6). Suppose 4*z + 23 = h. Calculate the remainder when z is divided by 6.
4
Let o(g) = 2*g**3 - 21*g**2 + 10*g + 14. What is the remainder when 55 is divided by o(10)?
13
Suppose 22 = 2*k + 3*h - 22, -5*k + 2*h = -72. Calculate the remainder when 331/7 + (-2)/7 is divided by k.
15
Calculate the remainder when (-3)/(-9) - 208/(-6) is divided by 9.
8
Suppose 4*g + 26 + 5 = y, -g + 28 = 3*y. Calculate the remainder when y is divided by 4.
3
Let o(m) = m**2 + 7*m + 5. Calculate the remainder when o(-11) is divided by 26.
23
Suppose -2*p + 55 = 3*p. Calculate the remainder when 28 is divided by p.
6
Let c = -21 - -45. Let w(s) = s**2 + s + 13. What is the remainder when c is divided by w(0)?
11
Let w be 28/(-8)*(-4)/(-2). Calculate the remainder when 38 is divided by -2*(182/4)/w.
12
Let l = -4 + 9. Let v be 8 - 21 - (-5)/((-10)/(-4)). Let a = l - v. Calculate the remainder when a is divided by 9.
7
Let h(y) = y**2 + y + 1. What is the remainder when h(-2) is divided by 1?
0
Suppose 0 = 5*g + 5*x - 15, 5*x - 4*x + 32 = 4*g. Let r = 45 + -25. Calculate the remainder when r is divided by g.
6
Let t(v) = -7*v. Let f(k) = -5*k + 2. What is the remainder when f(-2) is divided by t(-1)?
5
Let w(a) = 7*a**2 - 4*a + 3. Let l be w(2). Let r = -5 + l. Let o = -26 + 36. Calculate the remainder when r is divided by o.
8
Let n = -29 - -34. Calculate the remainder when 8 is divided by n.
3
Suppose 0 = 5*t + 24 - 79. Let v = t - 19. Calculate the remainder when 9 is divided by ((-20)/v)/(1/2).
4
Calculate the remainder when 22 is divided by (2 + -4)*(3 - 5).
2
Suppose 4*b - 57 = -17. Suppose -j - 2*j + 3 = 0. Let k(t) = 6*t**3 - t**2 + 2*t - 1. Calculate the remainder when b is divided by k(j).
4
Suppose -4*x - 5*z = -94, -5*x + 4*z + 101 = 2*z. Let p = -3 - 1. Calculate the remainder when x is divided by -6*p/18*6.
5
Let u(t) = t**3 + 13*t**2 + 11*t - 9. Suppose 6*k - 16 = 4*k. Calculate the remainder when k is divided by u(-12).
2
Let q = 27 - 16. Let c(w) = -w**3 - 7*w**2 + 6*w + 5. Suppose 2*j + 5*d - 42 = 6*j, -3*d - 34 = 5*j. What is the remainder when c(j) is divided by q?
10
Let g = 17 - -4. Calculate the remainder when 81 is divided by g.
18
Suppose 0 = v + 5*a + 2 - 11, -3*v + 63 = -3*a. Calculate the remainder when v is divided by 6.
1
Suppose 0 = 3*i - 9, -4*b + 4*i = -9*b + 47. What is the remainder when 32 is divided by b?
4
Suppose -9*i + 88 + 101 = 0. What is the remainder when 46 is divided by i?
4
Suppose y + 1 + 2 = -3*h, 2*y + 4*h + 4 = 0. Let s(x) = -x**2 + 0 + 6 + y*x**2 - 6*x. What is the remainder when s(-5) is divided by 6?
5
Let c(s) = s**3 - 2*s**2 - 5*s - 2. Calculate the remainder when 34 is divided by c(4).
4
Let k be ((-12)/10)/((-18)/(-60)). What is the remainder when 57 is divided by 7*3 + 3 + k?
17
Suppose 0 = r + 3*r - 648. Suppose -2*f + 0*f - r = 0. What is the remainder when (-4 - -3)/(3/f) is divided by 14?
13
Let q = -4 - -6. Suppose q*w + 3*w - 40 = 0. Let c(n) = n + 14. Calculate the remainder when c(0) is divided by w.
6
Let g(k) = -9*k - 2. Let p be g(3). Let d = 66 + p. Let s(x) = x + 10. Calculate the remainder when d is divided by s(0).
7
Suppose -7*p + 5 = -625. What is the remainder when p is divided by 47?
43
Let d(x) = -3 + x**3 + 0*x**3 + 7*x**2 + 7*x + 7. What is the remainder when 54 is divided by d(-5)?
16
Suppose 4*f - 51 = f. Let c = f + -8. What is the remainder when c is divided by 3?
0
Let t = 59 - 28. Suppose -34 = -3*g + 11. Calculate the remainder when g is divided by t/4 + 9/36.
7
Suppose -6*s - 30 = -11*s. Calculate the remainder when 6 is divided by s.
0
Let v = -57 - -86. Let m = v - 14. Let f(h) = 44*h. What is the remainder when f(1) is divided by m?
14
What is the remainder when (65/15*3)/1 is divided by 8?
5
Let t = 34 + -13. What is the remainder when 82 is divided by t?
19
Suppose s = 14 - 0. Calculate the remainder when 110 is divided by s.
12
Let l = -30 - -79. Suppose z = -2*w - 2*z + 26, l = 3*w + 2*z. What is the remainder when w is divided by 10?
9
Suppose -45 = -3*w + 4*j, -4*w - 3*j + 0*j = -60. Calculate the remainder when w is divided by 6.
3
Let g = 39 + -10. Calculate the remainder when g is divided by 8.
5
Suppose -4*i + 47 = f, 6*f - 2*f = 3*i - 21. Let w(n) = -n**3 - 19*n**2 - 2*n - 6. Calculate the remainder when w(-19) is divided by i.
10
Let d(b) = -b**3 + 11*b**2 + 12*b + 9. What is the remainder when 14 is divided by d(12)?
5
Suppose 0 = -0*l + 2*l - 40. Suppose 4*m = -m + l. Let p = 10 - 4. Calculate the remainder when p is divided b